{"id":1331,"date":"2020-03-04T14:22:56","date_gmt":"2020-03-04T14:22:56","guid":{"rendered":"https:\/\/justiceinmining.org\/?page_id=1331"},"modified":"2020-04-30T14:06:08","modified_gmt":"2020-04-30T14:06:08","slug":"campanas","status":"publish","type":"page","link":"https:\/\/justiceinmining.org\/es\/campanas\/","title":{"rendered":"Campa\u00f1as"},"content":{"rendered":"<p>En esta secci\u00f3n puedes encontrar algunas de las campa\u00f1as p\u00fablicas que estamos apoyando desde la red Justicia en Miner\u00eda. Algunas de ellas son iniciativas lanzadas por nuestras organizaciones miembro, otras son fruto del trabajo en red con otras organizaciones de la sociedad civil global. En las siguientes secciones encontrar\u00e1s informaci\u00f3n sobre las causas y enlaces de inter\u00e9s que esperamos sean de utilidad.<\/p>\n<div class=\"su-spoiler su-spoiler-style-default su-spoiler-icon-chevron su-spoiler-closed\" data-scroll-offset=\"0\" data-anchor-in-url=\"no\"><div class=\"su-spoiler-title\" tabindex=\"0\" role=\"button\"><span class=\"su-spoiler-icon\"><\/span><strong>Campa\u00f1as de Desinversi\u00f3n<\/strong><\/div><div class=\"su-spoiler-content su-u-clearfix su-u-trim\">\n<blockquote><p><em>\u201cMuchos de aquellos que tienen m\u00e1s recursos y poder econ\u00f3mico o pol\u00edtico parecen concentrarse sobre todo en enmascarar los problemas o en ocultar los s\u00edntomas, tratando s\u00f3lo de reducir algunos impactos negativos del cambio clim\u00e1tico.[&#8230;] Por eso se ha vuelto urgente e imperioso el desarrollo de pol\u00edticas para que en los pr\u00f3ximos a\u00f1os la emisi\u00f3n de di\u00f3xido de carbono y de otros gases altamente contaminantes sea reducida dr\u00e1sticamente, por ejemplo, reemplazando la utilizaci\u00f3n de combustibles f\u00f3siles y desarrollando fuentes de energ\u00eda renovable.\u201d<\/em><\/p><\/blockquote>\n<p style=\"padding-left: 40px;\"><strong>\u2013 Papa Francisco, Laudato Si\u2019, 24 May 2015<\/strong><\/p>\n<p>La Iglesia Cat\u00f3lica ha reconocido desde hace tiempo la importancia de que los negocios y pr\u00e1cticas econ\u00f3micas sean coherentes con los valores del evangelio y las ense\u00f1anzas sociales de la Iglesia. Una forma de lograr esa coherencia es a trav\u00e9s de la inversi\u00f3n \u00e9tica.<\/p>\n<p>La inversi\u00f3n \u00e9tica describe una serie de actividades que tratan de combinar los objetivos financieros de la inversi\u00f3n con preocupaciones m\u00e1s amplias sobre cuestiones ambientales y sociales. Estas actividades incluyen:<\/p>\n<ol>\n<li><strong>Inversi\u00f3n de impacto<\/strong> &#8211; es la inversi\u00f3n en bancos, instituciones de dep\u00f3sito y compa\u00f1\u00edas financieras que ofrecen productos financieros con un objetivo social expl\u00edcito a las personas, organizaciones comunitarias y empresas sociales. Entre los ejemplos podr\u00edan incluirse los pr\u00e9stamos de financiaci\u00f3n comunitaria a una empresa social.<\/li>\n<li><strong>Integraci\u00f3n de la Gobernanza Econ\u00f3mica y Social<\/strong> &#8211; consiste en que los inversores tengan en cuenta las cuestiones ambientales y sociales en las decisiones de inversi\u00f3n, por lo general mediante la incorporaci\u00f3n del an\u00e1lisis de los riesgos ambientales y sociales en el an\u00e1lisis financiero.<\/li>\n<li><strong>Selecci\u00f3n de Inversiones \/ Desinversi\u00f3n<\/strong> &#8211; es la inclusi\u00f3n o exclusi\u00f3n deliberada de inversiones en empresas o sectores basada en preocupaciones morales, \u00e9ticas o religiosas. La exclusi\u00f3n puede ser absoluta o suponer alguna forma de compensaci\u00f3n.<\/li>\n<li><strong>Activismo accionista<\/strong> &#8211; consiste en emplear el derecho de los inversores a participar en las asambleas de accionistas de las empresas para tratar cuestiones sociales y medioambientales, o presentar resoluciones sobre cuestiones importantes.<\/li>\n<\/ol>\n<p>Un n\u00famero significativo de organizaciones cat\u00f3licas, incluyendo instituciones Jesuitas, han hecho p\u00fablicas sus intenciones de desinvertir en combustibles f\u00f3siles. Nos gustar\u00eda invitarte a leer sus posicionamientos y a conocer las campa\u00f1as en desinversi\u00f3n lanzadas por diferentes movimientos inspirados por la fe. Siguiendo su ejemplo, entre todos podemos marcar la diferencia.<\/p>\n<p><strong>Iniciativas de desinversi\u00f3n por parte de instituciones jesuitas:<\/strong><\/p>\n<ul class=\"hex\">\n<li>(ENG) <a href=\"https:\/\/www.georgetown.edu\/news\/fossil-fuels-divestment-continues-georgetown-commitment-to-sustainability\/\">Fossil Fuels Divestment Continues Georgetown\u2019s Commitment to Sustainability<\/a>, February 6, 2020<\/li>\n<li>(ENG) <a href=\"https:\/\/jesuit.org.uk\/jesuits-britain-divest-fossil-fuels\">Jesuit Province of Britain Announces Fossil Fuel Divestment,<\/a> February 26, 2020<\/li>\n<li>(ES) <a href=\"https:\/\/www.ecojesuit.com\/los-jesuitas-australianos-se-desprenden-de-los-combustibles-fosiles-apoyan-los-vuelos-por-los-bosques-para-el-dia-mundial-del-medio-ambiente-2017\/10514\/?lang=es\">Los Jesuitas Australianos se desprenden de los combustibles f\u00f3siles<\/a>, 31 de mayo 2017<\/li>\n<li><a href=\"https:\/\/www.ecojesuit.com\/jesuitas-italianos-se-unen-a-la-mayor-desinversion-catolica-de-combustibles-fosiles\/10451\/?lang=es\">Jesuitas Italianos se unen a la mayor desinversi\u00f3n cat\u00f3lica en combustibles f\u00f3siles<\/a>, 15 de mayo de 2017<\/li>\n<li>(ES) <a href=\"https:\/\/www.ecojesuit.com\/preguntas-sobre-la-desinversion-en-combustibles-fosiles-y-el-compromiso-de-los-accionistas\/7932\/?lang=es\">Preguntas sobre la desinversi\u00f3n en combustibles f\u00f3siles y el compromiso de los accionistas<\/a>, 31 de mayo de 2015<\/li>\n<\/ul>\n<p><strong>Campa\u00f1as de desinversi\u00f3n lanzadas por movimientos basados en la fe:\u00a0<\/strong><\/p>\n<ul class=\"hex\">\n<li>(ES) <a href=\"https:\/\/catholicclimatemovement.global\/es\/desinversion-e-inversion\/\">Global Catholic Movement &#8211; Fossil Fuel Divestment Campaign<\/a><\/li>\n<li>(ES) <a href=\"https:\/\/iglesiasymineria.org\/2018\/11\/09\/red-iglesias-y-mineria-llama-a-una-campana-de-desinversion\/\">Red Iglesias y Miner\u00eda &#8211; Campa\u00f1a Desinversi\u00f3n en Miner\u00eda<\/a><\/li>\n<\/ul>\n<p>La Red Justicia en Miner\u00eda planea recoger y compartir ejemplos de los distintos enfoques sobre inversiones \u00e9ticas llevados a cabo por organizaciones jesuitas. Si perteneces a una instituci\u00f3n jesuita que ha desarrollado alguna pol\u00edtica al respecto, y est\u00e1s dispuesto a compartirla, le rogamos nos contacte a trav\u00e9s de la web o nuestras redes sociales.<\/p>\n<\/div><\/div>\n<div class=\"su-spoiler su-spoiler-style-default su-spoiler-icon-chevron su-spoiler-closed\" data-scroll-offset=\"0\" data-anchor-in-url=\"no\"><div class=\"su-spoiler-title\" tabindex=\"0\" role=\"button\"><span class=\"su-spoiler-icon\"><\/span><strong>Campa\u00f1a Tecnolog\u00eda Libre de Conflicto<\/strong><\/div><div class=\"su-spoiler-content su-u-clearfix su-u-trim\">\n<p>El objetivo de esta campa\u00f1a es romper los v\u00ednculos entre la explotaci\u00f3n y el comercio il\u00edcito de esta\u00f1o, tantalio, tungsteno y oro \u2013tambi\u00e9n conocidos como \u201cminerales en conflicto\u201d o 3TG por sus siglas en ingl\u00e9s\u2013 y las violaciones de derechos humanos en zonas en conflicto y de alto riesgo, como el este de la RD Congo o Colombia.<\/p>\n<p>Lanzada inicialmente en 2014 por ALBOAN, una ONG jesuita de cooperaci\u00f3n internacional de la Provincia de Espa\u00f1a, a d\u00eda de hoy cuenta con el apoyo de varias organizaciones de la Red Xavier en Europa como UK Missions (Reino Unido), Magis Fondazione (Italia) y el Jesuit European Social Centre (B\u00e9lgica)<\/p>\n<p>La <strong>Campa\u00f1a Tecnolog\u00eda Libre de Conflicto<\/strong> est\u00e1 profundamente enraizada en la doctrina social de la Iglesia cat\u00f3lica y promueve la idea de justicia socioambiental. Ofrece recursos educativos y herramientas para la incidencia en tres \u00e1reas:<\/p>\n<ol>\n<li>La <strong>concienciaci\u00f3n del p\u00fablico<\/strong> en general sobre nuestra responsabilidad como consumidores de productos electr\u00f3nicos respecto a los impactos sociales y ambientales de la miner\u00eda en las comunidades locales de los pa\u00edses productores.<\/li>\n<li>La <strong>promoci\u00f3n del consumo responsable<\/strong> y la b\u00fasqueda de alternativas a la \u201ccultura del descarte\u201d en el campo de la electr\u00f3nica.<\/li>\n<li>La <strong>incidencia pol\u00edtica<\/strong> para promover la implementaci\u00f3n eficaz de la Regulaci\u00f3n UE sobre suministro de minerales procedentes de zonas en conflicto y\/o en alto riesgo.<\/li>\n<\/ol>\n<p>Si quieres unirte al movimiento y encontrar formas de actuar a nivel individual, comunitario e institucional, entra en la web <a href=\"https:\/\/www.tecnologialibredeconflicto.org\">www.tecnologialibredeconflicto.org<\/a><\/p>\n<\/div><\/div>\n","protected":false},"excerpt":{"rendered":"<p>En esta secci\u00f3n puedes encontrar algunas de las campa\u00f1as p\u00fablicas que estamos apoyando desde la red Justicia en Miner\u00eda. Algunas de ellas son iniciativas lanzadas por nuestras organizaciones miembro, otras son fruto del trabajo en red con otras organizaciones de la sociedad civil global. En las siguientes secciones encontrar\u00e1s informaci\u00f3n sobre las causas y enlaces &hellip;<\/p>\n","protected":false},"author":61402780,"featured_media":0,"parent":0,"menu_order":0,"comment_status":"closed","ping_status":"closed","template":"","meta":{"_mo_disable_npp":"","_genesis_hide_title":false,"_genesis_hide_breadcrumbs":false,"_genesis_hide_singular_image":false,"_genesis_hide_footer_widgets":false,"_genesis_custom_body_class":"","_genesis_custom_post_class":"","_genesis_layout":"","advanced_seo_description":"","jetpack_seo_html_title":"","jetpack_seo_noindex":false,"footnotes":""},"class_list":{"0":"post-1331","1":"page","2":"type-page","3":"status-publish","5":"entry"},"jetpack_likes_enabled":true,"jetpack_sharing_enabled":true,"jetpack_shortlink":"https:\/\/wp.me\/P7CJRm-lt","amp_enabled":true,"_links":{"self":[{"href":"https:\/\/justiceinmining.org\/es\/wp-json\/wp\/v2\/pages\/1331","targetHints":{"allow":["GET"]}}],"collection":[{"href":"https:\/\/justiceinmining.org\/es\/wp-json\/wp\/v2\/pages"}],"about":[{"href":"https:\/\/justiceinmining.org\/es\/wp-json\/wp\/v2\/types\/page"}],"author":[{"embeddable":true,"href":"https:\/\/justiceinmining.org\/es\/wp-json\/wp\/v2\/users\/61402780"}],"replies":[{"embeddable":true,"href":"https:\/\/justiceinmining.org\/es\/wp-json\/wp\/v2\/comments?post=1331"}],"version-history":[{"count":7,"href":"https:\/\/justiceinmining.org\/es\/wp-json\/wp\/v2\/pages\/1331\/revisions"}],"predecessor-version":[{"id":1421,"href":"https:\/\/justiceinmining.org\/es\/wp-json\/wp\/v2\/pages\/1331\/revisions\/1421"}],"wp:attachment":[{"href":"https:\/\/justiceinmining.org\/es\/wp-json\/wp\/v2\/media?parent=1331"}],"curies":[{"name":"wp","href":"https:\/\/api.w.org\/{rel}","templated":true}]}}

Campañas

<p>En esta sección puedes encontrar algunas de las campañas públicas que estamos apoyando desde la red Justicia en Minería. Algunas de ellas son iniciativas lanzadas por nuestras organizaciones miembro, otras son fruto del trabajo en red con otras organizaciones de la sociedad civil global. En las siguientes secciones encontrarás información sobre las causas y enlaces de interés que esperamos sean de utilidad.</p>
<div class="su-spoiler su-spoiler-style-default su-spoiler-icon-chevron su-spoiler-closed" data-scroll-offset="0" data-anchor-in-url="no"><div class="su-spoiler-title" tabindex="0" role="button"><span class="su-spoiler-icon"></span><strong>Campañas de Desinversión</strong></div><div class="su-spoiler-content su-u-clearfix su-u-trim">
<blockquote><p><em>“Muchos de aquellos que tienen más recursos y poder económico o político parecen concentrarse sobre todo en enmascarar los problemas o en ocultar los síntomas, tratando sólo de reducir algunos impactos negativos del cambio climático.[&#8230;] Por eso se ha vuelto urgente e imperioso el desarrollo de políticas para que en los próximos años la emisión de dióxido de carbono y de otros gases altamente contaminantes sea reducida drásticamente, por ejemplo, reemplazando la utilización de combustibles fósiles y desarrollando fuentes de energía renovable.”</em></p></blockquote>
<p style="padding-left: 40px;"><strong>– Papa Francisco, Laudato Si’, 24 May 2015</strong></p>
<p>La Iglesia Católica ha reconocido desde hace tiempo la importancia de que los negocios y prácticas económicas sean coherentes con los valores del evangelio y las enseñanzas sociales de la Iglesia. Una forma de lograr esa coherencia es a través de la inversión ética.</p>
<p>La inversión ética describe una serie de actividades que tratan de combinar los objetivos financieros de la inversión con preocupaciones más amplias sobre cuestiones ambientales y sociales. Estas actividades incluyen:</p>
<ol>
<li><strong>Inversión de impacto</strong> &#8211; es la inversión en bancos, instituciones de depósito y compañías financieras que ofrecen productos financieros con un objetivo social explícito a las personas, organizaciones comunitarias y empresas sociales. Entre los ejemplos podrían incluirse los préstamos de financiación comunitaria a una empresa social.</li>
<li><strong>Integración de la Gobernanza Económica y Social</strong> &#8211; consiste en que los inversores tengan en cuenta las cuestiones ambientales y sociales en las decisiones de inversión, por lo general mediante la incorporación del análisis de los riesgos ambientales y sociales en el análisis financiero.</li>
<li><strong>Selección de Inversiones / Desinversión</strong> &#8211; es la inclusión o exclusión deliberada de inversiones en empresas o sectores basada en preocupaciones morales, éticas o religiosas. La exclusión puede ser absoluta o suponer alguna forma de compensación.</li>
<li><strong>Activismo accionista</strong> &#8211; consiste en emplear el derecho de los inversores a participar en las asambleas de accionistas de las empresas para tratar cuestiones sociales y medioambientales, o presentar resoluciones sobre cuestiones importantes.</li>
</ol>
<p>Un número significativo de organizaciones católicas, incluyendo instituciones Jesuitas, han hecho públicas sus intenciones de desinvertir en combustibles fósiles. Nos gustaría invitarte a leer sus posicionamientos y a conocer las campañas en desinversión lanzadas por diferentes movimientos inspirados por la fe. Siguiendo su ejemplo, entre todos podemos marcar la diferencia.</p>
<p><strong>Iniciativas de desinversión por parte de instituciones jesuitas:</strong></p>
<ul class="hex">
<li>(ENG) <a href="https://www.georgetown.edu/news/fossil-fuels-divestment-continues-georgetown-commitment-to-sustainability/">Fossil Fuels Divestment Continues Georgetown’s Commitment to Sustainability</a>, February 6, 2020</li>
<li>(ENG) <a href="https://jesuit.org.uk/jesuits-britain-divest-fossil-fuels">Jesuit Province of Britain Announces Fossil Fuel Divestment,</a> February 26, 2020</li>
<li>(ES) <a href="https://www.ecojesuit.com/los-jesuitas-australianos-se-desprenden-de-los-combustibles-fosiles-apoyan-los-vuelos-por-los-bosques-para-el-dia-mundial-del-medio-ambiente-2017/10514/?lang=es">Los Jesuitas Australianos se desprenden de los combustibles fósiles</a>, 31 de mayo 2017</li>
<li><a href="https://www.ecojesuit.com/jesuitas-italianos-se-unen-a-la-mayor-desinversion-catolica-de-combustibles-fosiles/10451/?lang=es">Jesuitas Italianos se unen a la mayor desinversión católica en combustibles fósiles</a>, 15 de mayo de 2017</li>
<li>(ES) <a href="https://www.ecojesuit.com/preguntas-sobre-la-desinversion-en-combustibles-fosiles-y-el-compromiso-de-los-accionistas/7932/?lang=es">Preguntas sobre la desinversión en combustibles fósiles y el compromiso de los accionistas</a>, 31 de mayo de 2015</li>
</ul>
<p><strong>Campañas de desinversión lanzadas por movimientos basados en la fe: </strong></p>
<ul class="hex">
<li>(ES) <a href="https://catholicclimatemovement.global/es/desinversion-e-inversion/">Global Catholic Movement &#8211; Fossil Fuel Divestment Campaign</a></li>
<li>(ES) <a href="https://iglesiasymineria.org/2018/11/09/red-iglesias-y-mineria-llama-a-una-campana-de-desinversion/">Red Iglesias y Minería &#8211; Campaña Desinversión en Minería</a></li>
</ul>
<p>La Red Justicia en Minería planea recoger y compartir ejemplos de los distintos enfoques sobre inversiones éticas llevados a cabo por organizaciones jesuitas. Si perteneces a una institución jesuita que ha desarrollado alguna política al respecto, y estás dispuesto a compartirla, le rogamos nos contacte a través de la web o nuestras redes sociales.</p>
</div></div>
<div class="su-spoiler su-spoiler-style-default su-spoiler-icon-chevron su-spoiler-closed" data-scroll-offset="0" data-anchor-in-url="no"><div class="su-spoiler-title" tabindex="0" role="button"><span class="su-spoiler-icon"></span><strong>Campaña Tecnología Libre de Conflicto</strong></div><div class="su-spoiler-content su-u-clearfix su-u-trim">
<p>El objetivo de esta campaña es romper los vínculos entre la explotación y el comercio ilícito de estaño, tantalio, tungsteno y oro –también conocidos como “minerales en conflicto” o 3TG por sus siglas en inglés– y las violaciones de derechos humanos en zonas en conflicto y de alto riesgo, como el este de la RD Congo o Colombia.</p>
<p>Lanzada inicialmente en 2014 por ALBOAN, una ONG jesuita de cooperación internacional de la Provincia de España, a día de hoy cuenta con el apoyo de varias organizaciones de la Red Xavier en Europa como UK Missions (Reino Unido), Magis Fondazione (Italia) y el Jesuit European Social Centre (Bélgica)</p>
<p>La <strong>Campaña Tecnología Libre de Conflicto</strong> está profundamente enraizada en la doctrina social de la Iglesia católica y promueve la idea de justicia socioambiental. Ofrece recursos educativos y herramientas para la incidencia en tres áreas:</p>
<ol>
<li>La <strong>concienciación del público</strong> en general sobre nuestra responsabilidad como consumidores de productos electrónicos respecto a los impactos sociales y ambientales de la minería en las comunidades locales de los países productores.</li>
<li>La <strong>promoción del consumo responsable</strong> y la búsqueda de alternativas a la “cultura del descarte” en el campo de la electrónica.</li>
<li>La <strong>incidencia política</strong> para promover la implementación eficaz de la Regulación UE sobre suministro de minerales procedentes de zonas en conflicto y/o en alto riesgo.</li>
</ol>
<p>Si quieres unirte al movimiento y encontrar formas de actuar a nivel individual, comunitario e institucional, entra en la web <a href="https://www.tecnologialibredeconflicto.org">www.tecnologialibredeconflicto.org</a></p>
</div></div>

<p>En esta sección puedes encontrar algunas de las campañas públicas que estamos apoyando desde la red Justicia en Minería. Algunas de ellas son iniciativas lanzadas por nuestras organizaciones miembro, otras son fruto del trabajo en red con otras organizaciones de la sociedad civil global. En las siguientes secciones encontrarás información sobre las causas y enlaces &hellip;</p>
